{"id":2,"date":"2022-11-05T21:11:39","date_gmt":"2022-11-05T21:11:39","guid":{"rendered":"https:\/\/ttv-voerstetten.de\/?page_id=2"},"modified":"2022-11-30T19:34:41","modified_gmt":"2022-11-30T19:34:41","slug":"impressum","status":"publish","type":"page","link":"https:\/\/ttv-voerstetten.de\/index.php\/impressum\/","title":{"rendered":"Impressum"},"content":{"rendered":"<div data-colibri-id=\"2-c1\" class=\"style-324 style-local-2-c1 position-relative\">\n  <!---->\n  <div data-colibri-component=\"section\" data-colibri-id=\"2-c2\" id=\"custom\" class=\"h-section h-section-global-spacing d-flex align-items-lg-center align-items-md-center align-items-center style-509 style-local-2-c2 position-relative\">\n    <!---->\n    <!---->\n    <div class=\"h-section-grid-container h-section-boxed-container\">\n      <!---->\n      <div data-colibri-id=\"2-c3\" class=\"h-row-container gutters-row-lg-2 gutters-row-md-2 gutters-row-0 gutters-row-v-lg-2 gutters-row-v-md-2 gutters-row-v-2 style-510 style-local-2-c3 position-relative\">\n        <!---->\n        <div class=\"h-row justify-content-lg-center justify-content-md-center justify-content-center align-items-lg-stretch align-items-md-stretch align-items-stretch gutters-col-lg-2 gutters-col-md-2 gutters-col-0 gutters-col-v-lg-2 gutters-col-v-md-2 gutters-col-v-2\">\n          <!---->\n          <div class=\"h-column h-column-container d-flex h-col-lg-auto h-col-md-auto h-col-auto style-511-outer style-local-2-c4-outer\">\n            <div data-colibri-id=\"2-c4\" class=\"d-flex h-flex-basis h-column__inner h-px-lg-2 h-px-md-2 h-px-2 v-inner-lg-2 v-inner-md-2 v-inner-2 style-511 style-local-2-c4 position-relative\">\n              <!---->\n              <!---->\n              <div class=\"w-100 h-y-container h-column__content h-column__v-align flex-basis-100 align-self-lg-start align-self-md-start align-self-start\">\n                <!---->\n                <div data-colibri-id=\"2-c5\" class=\"h-text h-text-component style-512 style-local-2-c5 position-relative h-element\">\n                  <!---->\n                  <!---->\n                  <div class=\"\">\n                    <h6>F\u00fcr den Inhalt verantwortlich gem\u00e4\u00df \u00a7 5 TMG\n                      <br><span style=\"font-weight: 400; font-size: 16px; font-family: &quot;Open Sans&quot;; color: rgb(70, 112, 127);\">Tischtennis Verein V\u00f6rstetten e.V.<\/span>\n                      <br><span style=\"font-weight: 400; font-size: 16px; font-family: &quot;Open Sans&quot;; color: rgb(70, 112, 127);\">Kaiserstuhlstr. 29, 79279 V\u00f6rstetten<\/span>\n                      <br>\n                    <\/h6>\n                    <h6>vertreten durch\n                      <br><span style=\"font-weight: 400; font-size: 16px; font-family: &quot;Open Sans&quot;; color: rgb(70, 112, 127);\">den 1. Vorsitzenden: Harald Erschig<\/span>\n                      <br><span style=\"font-weight: 400; font-size: 16px; font-family: &quot;Open Sans&quot;; color: rgb(70, 112, 127);\">Telefon: 07666 8321<\/span>\n                      <br><span style=\"font-weight: 400; font-size: 16px; font-family: &quot;Open Sans&quot;; color: rgb(70, 112, 127);\">E-Mail:&nbsp;<\/span>\n                      <a href=\"mailto:vorstand@ttv-voerstetten.de\" style=\"color: rgb(0, 102, 204); font-size: 16px; font-weight: 400; font-family: &quot;Open Sans&quot;;\">vorstand@ttv-voerstetten.de<\/a>\n                      <br>\n                    <\/h6>\n                    <h6>Registergericht\n                      <br><span style=\"font-weight: 400; font-size: 16px; font-family: &quot;Open Sans&quot;; color: rgb(70, 112, 127);\">Freiburg<\/span>\n                      <br>\n                      <br>Registernummer\n                      <br><span style=\"font-size: 16px; font-family: &quot;Open Sans&quot;; color: rgb(70, 112, 127); font-weight: 400;\">VR260170<\/span>\n                      <br>\n                    <\/h6>\n                    <h6>Bankverbindung\n                      <br><span style=\"font-weight: 400; font-size: 16px; font-family: &quot;Open Sans&quot;; color: rgb(70, 112, 127);\">Sparkasse Freiburg<\/span>\n                      <br><span style=\"font-weight: 400; font-size: 16px; font-family: &quot;Open Sans&quot;; color: rgb(70, 112, 127);\">IBAN: DE27680501010020002026<\/span>\n                      <br>\n                    <\/h6>\n                  <\/div>\n                <\/div>\n              <\/div>\n            <\/div>\n          <\/div>\n        <\/div>\n      <\/div>\n    <\/div>\n  <\/div>\n<\/div>","protected":false},"excerpt":{"rendered":"<p>F\u00fcr den Inhalt verantwortlich gem\u00e4\u00df \u00a7 5 TMG Tischtennis Verein V\u00f6rstetten e.V. Kaiserstuhlstr. 29, 79279 V\u00f6rstetten vertreten durch den 1. Vorsitzenden: Harald Erschig Telefon: 07666 8321 E-Mail:&nbsp; vorstand@ttv-voerstetten.de Registergericht Freiburg Registernummer VR260170 Bankverbindung Sparkasse Freiburg IBAN: DE27680501010020002026<\/p>\n","protected":false},"author":1,"featured_media":0,"parent":0,"menu_order":0,"comment_status":"closed","ping_status":"closed","template":"page-templates\/full-width-page.php","meta":{"footnotes":""},"class_list":["post-2","page","type-page","status-publish","hentry"],"_links":{"self":[{"href":"https:\/\/ttv-voerstetten.de\/index.php\/wp-json\/wp\/v2\/pages\/2","targetHints":{"allow":["GET"]}}],"collection":[{"href":"https:\/\/ttv-voerstetten.de\/index.php\/wp-json\/wp\/v2\/pages"}],"about":[{"href":"https:\/\/ttv-voerstetten.de\/index.php\/wp-json\/wp\/v2\/types\/page"}],"author":[{"embeddable":true,"href":"https:\/\/ttv-voerstetten.de\/index.php\/wp-json\/wp\/v2\/users\/1"}],"replies":[{"embeddable":true,"href":"https:\/\/ttv-voerstetten.de\/index.php\/wp-json\/wp\/v2\/comments?post=2"}],"version-history":[{"count":14,"href":"https:\/\/ttv-voerstetten.de\/index.php\/wp-json\/wp\/v2\/pages\/2\/revisions"}],"predecessor-version":[{"id":834,"href":"https:\/\/ttv-voerstetten.de\/index.php\/wp-json\/wp\/v2\/pages\/2\/revisions\/834"}],"wp:attachment":[{"href":"https:\/\/ttv-voerstetten.de\/index.php\/wp-json\/wp\/v2\/media?parent=2"}],"curies":[{"name":"wp","href":"https:\/\/api.w.org\/{rel}","templated":true}]}}

<div data-colibri-id="2-c1" class="style-324 style-local-2-c1 position-relative">
  <!---->
  <div data-colibri-component="section" data-colibri-id="2-c2" id="custom" class="h-section h-section-global-spacing d-flex align-items-lg-center align-items-md-center align-items-center style-509 style-local-2-c2 position-relative">
    <!---->
    <!---->
    <div class="h-section-grid-container h-section-boxed-container">
      <!---->
      <div data-colibri-id="2-c3" class="h-row-container gutters-row-lg-2 gutters-row-md-2 gutters-row-0 gutters-row-v-lg-2 gutters-row-v-md-2 gutters-row-v-2 style-510 style-local-2-c3 position-relative">
        <!---->
        <div class="h-row justify-content-lg-center justify-content-md-center justify-content-center align-items-lg-stretch align-items-md-stretch align-items-stretch gutters-col-lg-2 gutters-col-md-2 gutters-col-0 gutters-col-v-lg-2 gutters-col-v-md-2 gutters-col-v-2">
          <!---->
          <div class="h-column h-column-container d-flex h-col-lg-auto h-col-md-auto h-col-auto style-511-outer style-local-2-c4-outer">
            <div data-colibri-id="2-c4" class="d-flex h-flex-basis h-column__inner h-px-lg-2 h-px-md-2 h-px-2 v-inner-lg-2 v-inner-md-2 v-inner-2 style-511 style-local-2-c4 position-relative">
              <!---->
              <!---->
              <div class="w-100 h-y-container h-column__content h-column__v-align flex-basis-100 align-self-lg-start align-self-md-start align-self-start">
                <!---->
                <div data-colibri-id="2-c5" class="h-text h-text-component style-512 style-local-2-c5 position-relative h-element">
                  <!---->
                  <!---->
                  <div class="">
                    <h6>Für den Inhalt verantwortlich gemäß § 5 TMG
                      <br><span style="font-weight: 400; font-size: 16px; font-family: &quot;Open Sans&quot;; color: rgb(70, 112, 127);">Tischtennis Verein Vörstetten e.V.</span>
                      <br><span style="font-weight: 400; font-size: 16px; font-family: &quot;Open Sans&quot;; color: rgb(70, 112, 127);">Kaiserstuhlstr. 29, 79279 Vörstetten</span>
                      <br>
                    </h6>
                    <h6>vertreten durch
                      <br><span style="font-weight: 400; font-size: 16px; font-family: &quot;Open Sans&quot;; color: rgb(70, 112, 127);">den 1. Vorsitzenden: Harald Erschig</span>
                      <br><span style="font-weight: 400; font-size: 16px; font-family: &quot;Open Sans&quot;; color: rgb(70, 112, 127);">Telefon: 07666 8321</span>
                      <br><span style="font-weight: 400; font-size: 16px; font-family: &quot;Open Sans&quot;; color: rgb(70, 112, 127);">E-Mail:&nbsp;</span>
                      <a href="mailto:vorstand@ttv-voerstetten.de" style="color: rgb(0, 102, 204); font-size: 16px; font-weight: 400; font-family: &quot;Open Sans&quot;;">vorstand@ttv-voerstetten.de</a>
                      <br>
                    </h6>
                    <h6>Registergericht
                      <br><span style="font-weight: 400; font-size: 16px; font-family: &quot;Open Sans&quot;; color: rgb(70, 112, 127);">Freiburg</span>
                      <br>
                      <br>Registernummer
                      <br><span style="font-size: 16px; font-family: &quot;Open Sans&quot;; color: rgb(70, 112, 127); font-weight: 400;">VR260170</span>
                      <br>
                    </h6>
                    <h6>Bankverbindung
                      <br><span style="font-weight: 400; font-size: 16px; font-family: &quot;Open Sans&quot;; color: rgb(70, 112, 127);">Sparkasse Freiburg</span>
                      <br><span style="font-weight: 400; font-size: 16px; font-family: &quot;Open Sans&quot;; color: rgb(70, 112, 127);">IBAN: DE27680501010020002026</span>
                      <br>
                    </h6>
                  </div>
                </div>
              </div>
            </div>
          </div>
        </div>
      </div>
    </div>
  </div>
</div>

<p>Für den Inhalt verantwortlich gemäß § 5 TMG Tischtennis Verein Vörstetten e.V. Kaiserstuhlstr. 29, 79279 Vörstetten vertreten durch den 1. Vorsitzenden: Harald Erschig Telefon: 07666 8321 E-Mail:&nbsp; vorstand@ttv-voerstetten.de Registergericht Freiburg Registernummer VR260170 Bankverbindung Sparkasse Freiburg IBAN: DE27680501010020002026</p>
